{"id":3196,"date":"2025-04-08T16:19:00","date_gmt":"2025-04-08T16:19:00","guid":{"rendered":"https:\/\/nicolaspasqual.fr\/?post_type=product&#038;p=3196"},"modified":"2025-04-08T16:28:23","modified_gmt":"2025-04-08T16:28:23","slug":"meditation-live-pur-lacher-prise-relaxation-profonde-bien-etre-instant-present-amour","status":"publish","type":"product","link":"https:\/\/nicolaspasqual.fr\/index.php\/produit\/meditation-live-pur-lacher-prise-relaxation-profonde-bien-etre-instant-present-amour\/","title":{"rendered":"M\u00e9ditation Live \u00ab\u00a0PUR LACHER PRISE\u00a0\u00bb relaxation profonde Bien-\u00eatre instant pr\u00e9sent Amour avec Nicolas PASQUAL"},"content":{"rendered":"<p><strong>Le niveau d&rsquo;alignement int\u00e9rieur et proportionnel au niveau de l\u00e2cher prise<\/strong>. Apprendre \u00e0 l\u00e2cher prise est essentiel pour <strong>\u00e9voluer en conscience \u00e0 l&rsquo;\u00e9coute de son coeur et de l&rsquo;Esprit sain<\/strong>.<\/p>\n<p>La pratique r\u00e9guli\u00e8re de cette m\u00e9ditation tr\u00e8s \u00ab\u00a0<strong>compl\u00e8te<\/strong>\u00a0\u00bb vous aidera \u00e0 apprendre \u00e0 l\u00e2cher prise et \u00e0 <strong>vous reconnecter \u00e0 vous-m\u00eame et au champ de Vie<\/strong>.<\/p>\n<p>Je vous souhaite de merveilleuses et sereines m\u00e9ditation de <strong>pur l\u00e2cher prise<\/strong>.<\/p>\n<p>Nicolas<\/p>\n","protected":false},"excerpt":{"rendered":"<p>M\u00e9ditation guid\u00e9e de 30 minutes pour apprendre \u00e0 lacher prise, ressentir un tr\u00e8s grand \u00e9tat de relaxation et de Bien-\u00eatre et coh\u00e9rence au niveau cellulaire, accompagn\u00e9e avec Nicolas Pasqual.<\/p>\n<p>Nous vous souhaitons une merveilleuse et profonde m\u00e9ditation.<\/p>\n<p><img loading=\"lazy\" decoding=\"async\" class=\"alignnone size-medium wp-image-2733\" src=\"https:\/\/nicolaspasqual.fr\/wp-content\/uploads\/2024\/02\/220px-Larbre_de_Vie_par_Raphael_Toussaint-212x300.jpg\" alt=\"\" width=\"212\" height=\"300\" srcset=\"https:\/\/nicolaspasqual.fr\/wp-content\/uploads\/2024\/02\/220px-Larbre_de_Vie_par_Raphael_Toussaint-212x300.jpg 212w, https:\/\/nicolaspasqual.fr\/wp-content\/uploads\/2024\/02\/220px-Larbre_de_Vie_par_Raphael_Toussaint.jpg 220w\" sizes=\"(max-width: 212px) 100vw, 212px\" \/><\/p>\n","protected":false},"featured_media":3198,"template":"","meta":{"_et_pb_use_builder":"","_et_pb_old_content":"","_et_gb_content_width":""},"product_brand":[],"product_cat":[43],"product_tag":[],"class_list":{"0":"post-3196","1":"product","2":"type-product","3":"status-publish","4":"has-post-thumbnail","6":"product_cat-non-classe","8":"first","9":"instock","10":"featured","11":"downloadable","12":"virtual","13":"purchasable","14":"product-type-simple"},"yoast_head":"<!-- This site is optimized with the Yoast SEO plugin v27.4 - https:\/\/yoast.com\/product\/yoast-seo-wordpress\/ -->\n<title>M\u00e9ditation Live &quot;PUR LACHER PRISE&quot; relaxation profonde Bien-\u00eatre instant pr\u00e9sent Amour avec Nicolas PASQUAL - Nicolas Pasqual<\/title>\n<meta name=\"description\" content=\"M\u00e9ditation Live &quot;PUR LACHER PRISE&quot; relaxation profonde Bien-\u00eatre instant pr\u00e9sent Amour Dr Nicolas PASQUAL\" \/>\n<meta name=\"robots\" content=\"index, follow, max-snippet:-1, max-image-preview:large, max-video-preview:-1\" \/>\n<link rel=\"canonical\" href=\"https:\/\/nicolaspasqual.fr\/index.php\/produit\/meditation-live-pur-lacher-prise-relaxation-profonde-bien-etre-instant-present-amour\/\" \/>\n<meta property=\"og:locale\" content=\"fr_FR\" \/>\n<meta property=\"og:type\" content=\"article\" \/>\n<meta property=\"og:title\" content=\"M\u00e9ditation Live &quot;PUR LACHER PRISE&quot; relaxation profonde Bien-\u00eatre instant pr\u00e9sent Amour avec Nicolas PASQUAL - Nicolas Pasqual\" \/>\n<meta property=\"og:description\" content=\"M\u00e9ditation Live &quot;PUR LACHER PRISE&quot; relaxation profonde Bien-\u00eatre instant pr\u00e9sent Amour Dr Nicolas PASQUAL\" \/>\n<meta property=\"og:url\" content=\"https:\/\/nicolaspasqual.fr\/index.php\/produit\/meditation-live-pur-lacher-prise-relaxation-profonde-bien-etre-instant-present-amour\/\" \/>\n<meta property=\"og:site_name\" content=\"Nicolas Pasqual\" \/>\n<meta property=\"article:modified_time\" content=\"2025-04-08T16:28:23+00:00\" \/>\n<meta property=\"og:image\" content=\"https:\/\/nicolaspasqual.fr\/wp-content\/uploads\/2025\/04\/meditation-chackras-energie.jpeg\" \/>\n\t<meta property=\"og:image:width\" content=\"1400\" \/>\n\t<meta property=\"og:image:height\" content=\"898\" \/>\n\t<meta property=\"og:image:type\" content=\"image\/jpeg\" \/>\n<meta name=\"twitter:card\" content=\"summary_large_image\" \/>\n<meta name=\"twitter:label1\" content=\"Dur\u00e9e de lecture estim\u00e9e\" \/>\n\t<meta name=\"twitter:data1\" content=\"1 minute\" \/>\n<script type=\"application\/ld+json\" class=\"yoast-schema-graph\">{\"@context\":\"https:\\\/\\\/schema.org\",\"@graph\":[{\"@type\":\"WebPage\",\"@id\":\"https:\\\/\\\/nicolaspasqual.fr\\\/index.php\\\/produit\\\/meditation-live-pur-lacher-prise-relaxation-profonde-bien-etre-instant-present-amour\\\/\",\"url\":\"https:\\\/\\\/nicolaspasqual.fr\\\/index.php\\\/produit\\\/meditation-live-pur-lacher-prise-relaxation-profonde-bien-etre-instant-present-amour\\\/\",\"name\":\"M\u00e9ditation Live \\\"PUR LACHER PRISE\\\" relaxation profonde Bien-\u00eatre instant pr\u00e9sent Amour avec Nicolas PASQUAL - Nicolas Pasqual\",\"isPartOf\":{\"@id\":\"https:\\\/\\\/nicolaspasqual.fr\\\/#website\"},\"primaryImageOfPage\":{\"@id\":\"https:\\\/\\\/nicolaspasqual.fr\\\/index.php\\\/produit\\\/meditation-live-pur-lacher-prise-relaxation-profonde-bien-etre-instant-present-amour\\\/#primaryimage\"},\"image\":{\"@id\":\"https:\\\/\\\/nicolaspasqual.fr\\\/index.php\\\/produit\\\/meditation-live-pur-lacher-prise-relaxation-profonde-bien-etre-instant-present-amour\\\/#primaryimage\"},\"thumbnailUrl\":\"https:\\\/\\\/nicolaspasqual.fr\\\/wp-content\\\/uploads\\\/2025\\\/04\\\/meditation-chackras-energie.jpeg\",\"datePublished\":\"2025-04-08T16:19:00+00:00\",\"dateModified\":\"2025-04-08T16:28:23+00:00\",\"description\":\"M\u00e9ditation Live \\\"PUR LACHER PRISE\\\" relaxation profonde Bien-\u00eatre instant pr\u00e9sent Amour Dr Nicolas PASQUAL\",\"breadcrumb\":{\"@id\":\"https:\\\/\\\/nicolaspasqual.fr\\\/index.php\\\/produit\\\/meditation-live-pur-lacher-prise-relaxation-profonde-bien-etre-instant-present-amour\\\/#breadcrumb\"},\"inLanguage\":\"fr-FR\",\"potentialAction\":[{\"@type\":\"ReadAction\",\"target\":[\"https:\\\/\\\/nicolaspasqual.fr\\\/index.php\\\/produit\\\/meditation-live-pur-lacher-prise-relaxation-profonde-bien-etre-instant-present-amour\\\/\"]}]},{\"@type\":\"ImageObject\",\"inLanguage\":\"fr-FR\",\"@id\":\"https:\\\/\\\/nicolaspasqual.fr\\\/index.php\\\/produit\\\/meditation-live-pur-lacher-prise-relaxation-profonde-bien-etre-instant-present-amour\\\/#primaryimage\",\"url\":\"https:\\\/\\\/nicolaspasqual.fr\\\/wp-content\\\/uploads\\\/2025\\\/04\\\/meditation-chackras-energie.jpeg\",\"contentUrl\":\"https:\\\/\\\/nicolaspasqual.fr\\\/wp-content\\\/uploads\\\/2025\\\/04\\\/meditation-chackras-energie.jpeg\",\"width\":1400,\"height\":898},{\"@type\":\"BreadcrumbList\",\"@id\":\"https:\\\/\\\/nicolaspasqual.fr\\\/index.php\\\/produit\\\/meditation-live-pur-lacher-prise-relaxation-profonde-bien-etre-instant-present-amour\\\/#breadcrumb\",\"itemListElement\":[{\"@type\":\"ListItem\",\"position\":1,\"name\":\"Accueil\",\"item\":\"https:\\\/\\\/nicolaspasqual.fr\\\/\"},{\"@type\":\"ListItem\",\"position\":2,\"name\":\"Boutique M\u00e9ditations \u00e9pig\u00e9n\u00e9tique Bien-\u00eatre\",\"item\":\"https:\\\/\\\/nicolaspasqual.fr\\\/index.php\\\/boutique-meditation-bien-etre-anti-stress-transition-confiance-amour\\\/\"},{\"@type\":\"ListItem\",\"position\":3,\"name\":\"M\u00e9ditation Live &#8220;PUR LACHER PRISE&#8221; relaxation profonde Bien-\u00eatre instant pr\u00e9sent Amour avec Nicolas PASQUAL\"}]},{\"@type\":\"WebSite\",\"@id\":\"https:\\\/\\\/nicolaspasqual.fr\\\/#website\",\"url\":\"https:\\\/\\\/nicolaspasqual.fr\\\/\",\"name\":\"Nicolas Pasqual\",\"description\":\"Vie int\u00e9grative\",\"publisher\":{\"@id\":\"https:\\\/\\\/nicolaspasqual.fr\\\/#organization\"},\"potentialAction\":[{\"@type\":\"SearchAction\",\"target\":{\"@type\":\"EntryPoint\",\"urlTemplate\":\"https:\\\/\\\/nicolaspasqual.fr\\\/?s={search_term_string}\"},\"query-input\":{\"@type\":\"PropertyValueSpecification\",\"valueRequired\":true,\"valueName\":\"search_term_string\"}}],\"inLanguage\":\"fr-FR\"},{\"@type\":\"Organization\",\"@id\":\"https:\\\/\\\/nicolaspasqual.fr\\\/#organization\",\"name\":\"Nicolas Pasqual\",\"url\":\"https:\\\/\\\/nicolaspasqual.fr\\\/\",\"logo\":{\"@type\":\"ImageObject\",\"inLanguage\":\"fr-FR\",\"@id\":\"https:\\\/\\\/nicolaspasqual.fr\\\/#\\\/schema\\\/logo\\\/image\\\/\",\"url\":\"https:\\\/\\\/nicolaspasqual.fr\\\/wp-content\\\/uploads\\\/2022\\\/07\\\/cropped-logo-seul-512px.jpg\",\"contentUrl\":\"https:\\\/\\\/nicolaspasqual.fr\\\/wp-content\\\/uploads\\\/2022\\\/07\\\/cropped-logo-seul-512px.jpg\",\"width\":512,\"height\":512,\"caption\":\"Nicolas Pasqual\"},\"image\":{\"@id\":\"https:\\\/\\\/nicolaspasqual.fr\\\/#\\\/schema\\\/logo\\\/image\\\/\"}}]}<\/script>\n<!-- \/ Yoast SEO plugin. -->","yoast_head_json":{"title":"M\u00e9ditation Live \"PUR LACHER PRISE\" relaxation profonde Bien-\u00eatre instant pr\u00e9sent Amour avec Nicolas PASQUAL - Nicolas Pasqual","description":"M\u00e9ditation Live \"PUR LACHER PRISE\" relaxation profonde Bien-\u00eatre instant pr\u00e9sent Amour Dr Nicolas PASQUAL","robots":{"index":"index","follow":"follow","max-snippet":"max-snippet:-1","max-image-preview":"max-image-preview:large","max-video-preview":"max-video-preview:-1"},"canonical":"https:\/\/nicolaspasqual.fr\/index.php\/produit\/meditation-live-pur-lacher-prise-relaxation-profonde-bien-etre-instant-present-amour\/","og_locale":"fr_FR","og_type":"article","og_title":"M\u00e9ditation Live \"PUR LACHER PRISE\" relaxation profonde Bien-\u00eatre instant pr\u00e9sent Amour avec Nicolas PASQUAL - Nicolas Pasqual","og_description":"M\u00e9ditation Live \"PUR LACHER PRISE\" relaxation profonde Bien-\u00eatre instant pr\u00e9sent Amour Dr Nicolas PASQUAL","og_url":"https:\/\/nicolaspasqual.fr\/index.php\/produit\/meditation-live-pur-lacher-prise-relaxation-profonde-bien-etre-instant-present-amour\/","og_site_name":"Nicolas Pasqual","article_modified_time":"2025-04-08T16:28:23+00:00","og_image":[{"width":1400,"height":898,"url":"https:\/\/nicolaspasqual.fr\/wp-content\/uploads\/2025\/04\/meditation-chackras-energie.jpeg","type":"image\/jpeg"}],"twitter_card":"summary_large_image","twitter_misc":{"Dur\u00e9e de lecture estim\u00e9e":"1 minute"},"schema":{"@context":"https:\/\/schema.org","@graph":[{"@type":"WebPage","@id":"https:\/\/nicolaspasqual.fr\/index.php\/produit\/meditation-live-pur-lacher-prise-relaxation-profonde-bien-etre-instant-present-amour\/","url":"https:\/\/nicolaspasqual.fr\/index.php\/produit\/meditation-live-pur-lacher-prise-relaxation-profonde-bien-etre-instant-present-amour\/","name":"M\u00e9ditation Live \"PUR LACHER PRISE\" relaxation profonde Bien-\u00eatre instant pr\u00e9sent Amour avec Nicolas PASQUAL - Nicolas Pasqual","isPartOf":{"@id":"https:\/\/nicolaspasqual.fr\/#website"},"primaryImageOfPage":{"@id":"https:\/\/nicolaspasqual.fr\/index.php\/produit\/meditation-live-pur-lacher-prise-relaxation-profonde-bien-etre-instant-present-amour\/#primaryimage"},"image":{"@id":"https:\/\/nicolaspasqual.fr\/index.php\/produit\/meditation-live-pur-lacher-prise-relaxation-profonde-bien-etre-instant-present-amour\/#primaryimage"},"thumbnailUrl":"https:\/\/nicolaspasqual.fr\/wp-content\/uploads\/2025\/04\/meditation-chackras-energie.jpeg","datePublished":"2025-04-08T16:19:00+00:00","dateModified":"2025-04-08T16:28:23+00:00","description":"M\u00e9ditation Live \"PUR LACHER PRISE\" relaxation profonde Bien-\u00eatre instant pr\u00e9sent Amour Dr Nicolas PASQUAL","breadcrumb":{"@id":"https:\/\/nicolaspasqual.fr\/index.php\/produit\/meditation-live-pur-lacher-prise-relaxation-profonde-bien-etre-instant-present-amour\/#breadcrumb"},"inLanguage":"fr-FR","potentialAction":[{"@type":"ReadAction","target":["https:\/\/nicolaspasqual.fr\/index.php\/produit\/meditation-live-pur-lacher-prise-relaxation-profonde-bien-etre-instant-present-amour\/"]}]},{"@type":"ImageObject","inLanguage":"fr-FR","@id":"https:\/\/nicolaspasqual.fr\/index.php\/produit\/meditation-live-pur-lacher-prise-relaxation-profonde-bien-etre-instant-present-amour\/#primaryimage","url":"https:\/\/nicolaspasqual.fr\/wp-content\/uploads\/2025\/04\/meditation-chackras-energie.jpeg","contentUrl":"https:\/\/nicolaspasqual.fr\/wp-content\/uploads\/2025\/04\/meditation-chackras-energie.jpeg","width":1400,"height":898},{"@type":"BreadcrumbList","@id":"https:\/\/nicolaspasqual.fr\/index.php\/produit\/meditation-live-pur-lacher-prise-relaxation-profonde-bien-etre-instant-present-amour\/#breadcrumb","itemListElement":[{"@type":"ListItem","position":1,"name":"Accueil","item":"https:\/\/nicolaspasqual.fr\/"},{"@type":"ListItem","position":2,"name":"Boutique M\u00e9ditations \u00e9pig\u00e9n\u00e9tique Bien-\u00eatre","item":"https:\/\/nicolaspasqual.fr\/index.php\/boutique-meditation-bien-etre-anti-stress-transition-confiance-amour\/"},{"@type":"ListItem","position":3,"name":"M\u00e9ditation Live &#8220;PUR LACHER PRISE&#8221; relaxation profonde Bien-\u00eatre instant pr\u00e9sent Amour avec Nicolas PASQUAL"}]},{"@type":"WebSite","@id":"https:\/\/nicolaspasqual.fr\/#website","url":"https:\/\/nicolaspasqual.fr\/","name":"Nicolas Pasqual","description":"Vie int\u00e9grative","publisher":{"@id":"https:\/\/nicolaspasqual.fr\/#organization"},"potentialAction":[{"@type":"SearchAction","target":{"@type":"EntryPoint","urlTemplate":"https:\/\/nicolaspasqual.fr\/?s={search_term_string}"},"query-input":{"@type":"PropertyValueSpecification","valueRequired":true,"valueName":"search_term_string"}}],"inLanguage":"fr-FR"},{"@type":"Organization","@id":"https:\/\/nicolaspasqual.fr\/#organization","name":"Nicolas Pasqual","url":"https:\/\/nicolaspasqual.fr\/","logo":{"@type":"ImageObject","inLanguage":"fr-FR","@id":"https:\/\/nicolaspasqual.fr\/#\/schema\/logo\/image\/","url":"https:\/\/nicolaspasqual.fr\/wp-content\/uploads\/2022\/07\/cropped-logo-seul-512px.jpg","contentUrl":"https:\/\/nicolaspasqual.fr\/wp-content\/uploads\/2022\/07\/cropped-logo-seul-512px.jpg","width":512,"height":512,"caption":"Nicolas Pasqual"},"image":{"@id":"https:\/\/nicolaspasqual.fr\/#\/schema\/logo\/image\/"}}]}},"jetpack_sharing_enabled":true,"_links":{"self":[{"href":"https:\/\/nicolaspasqual.fr\/index.php\/wp-json\/wp\/v2\/product\/3196","targetHints":{"allow":["GET"]}}],"collection":[{"href":"https:\/\/nicolaspasqual.fr\/index.php\/wp-json\/wp\/v2\/product"}],"about":[{"href":"https:\/\/nicolaspasqual.fr\/index.php\/wp-json\/wp\/v2\/types\/product"}],"wp:featuredmedia":[{"embeddable":true,"href":"https:\/\/nicolaspasqual.fr\/index.php\/wp-json\/wp\/v2\/media\/3198"}],"wp:attachment":[{"href":"https:\/\/nicolaspasqual.fr\/index.php\/wp-json\/wp\/v2\/media?parent=3196"}],"wp:term":[{"taxonomy":"product_brand","embeddable":true,"href":"https:\/\/nicolaspasqual.fr\/index.php\/wp-json\/wp\/v2\/product_brand?post=3196"},{"taxonomy":"product_cat","embeddable":true,"href":"https:\/\/nicolaspasqual.fr\/index.php\/wp-json\/wp\/v2\/product_cat?post=3196"},{"taxonomy":"product_tag","embeddable":true,"href":"https:\/\/nicolaspasqual.fr\/index.php\/wp-json\/wp\/v2\/product_tag?post=3196"}],"curies":[{"name":"wp","href":"https:\/\/api.w.org\/{rel}","templated":true}]}}