{"id":2368,"date":"2023-05-25T17:17:41","date_gmt":"2023-05-25T17:17:41","guid":{"rendered":"https:\/\/nicolaspasqual.fr\/?page_id=2368"},"modified":"2025-05-20T20:36:16","modified_gmt":"2025-05-20T20:36:16","slug":"evenements-meditation-en-ligne","status":"publish","type":"page","link":"https:\/\/nicolaspasqual.fr\/index.php\/evenements-meditation-en-ligne\/","title":{"rendered":"Ev\u00e8nements M\u00e9ditations en Ligne"},"content":{"rendered":"<p>[et_pb_section fb_built=\u00a0\u00bb1&Prime; _builder_version=\u00a0\u00bb4.17.4&Prime; _module_preset=\u00a0\u00bbdefault\u00a0\u00bb background_color=\u00a0\u00bbgcid-f758d065-c53a-4789-853e-999078631717&Prime; use_background_color_gradient=\u00a0\u00bbon\u00a0\u00bb background_color_gradient_direction=\u00a0\u00bb1deg\u00a0\u00bb background_color_gradient_stops=\u00a0\u00bbgcid-f758d065-c53a-4789-853e-999078631717 51%|gcid-f171d387-8035-4464-82c1-f194cadeff79 100%\u00a0\u00bb custom_padding=\u00a0\u00bb0px||75px||false|false\u00a0\u00bb bottom_divider_flip=\u00a0\u00bbhorizontal\u00a0\u00bb global_colors_info=\u00a0\u00bb{%22gcid-f758d065-c53a-4789-853e-999078631717%22:%91%22background_color%22,%22background_color_gradient_stops%22%93,%22gcid-f171d387-8035-4464-82c1-f194cadeff79%22:%91%22background_color_gradient_stops%22%93}\u00a0\u00bb][et_pb_row _builder_version=\u00a0\u00bb4.17.4&Prime; _module_preset=\u00a0\u00bbdefault\u00a0\u00bb background_color=\u00a0\u00bbRGBA(255,255,255,0)\u00a0\u00bb min_height=\u00a0\u00bb143.6px\u00a0\u00bb global_colors_info=\u00a0\u00bb{}\u00a0\u00bb][et_pb_column type=\u00a0\u00bb4_4&Prime; _builder_version=\u00a0\u00bb4.17.4&Prime; _module_preset=\u00a0\u00bbdefault\u00a0\u00bb global_colors_info=\u00a0\u00bb{}\u00a0\u00bb][et_pb_text admin_label=\u00a0\u00bbTexte\u00a0\u00bb _builder_version=\u00a0\u00bb4.27.4&Prime; _module_preset=\u00a0\u00bbd13db793-1b02-4274-bf68-25894f2d5964&Prime; background_color=\u00a0\u00bb#FFFFFF\u00a0\u00bb background_enable_mask_style=\u00a0\u00bbon\u00a0\u00bb background_mask_style=\u00a0\u00bbcorner-lake\u00a0\u00bb background_mask_color=\u00a0\u00bb#0c71c3&Prime; background_mask_transform=\u00a0\u00bbinvert\u00a0\u00bb background_mask_size=\u00a0\u00bbcustom\u00a0\u00bb background_mask_width=\u00a0\u00bb55%\u00a0\u00bb background_mask_height=\u00a0\u00bb160%\u00a0\u00bb background_mask_position=\u00a0\u00bbcenter_right\u00a0\u00bb background_mask_horizontal_offset=\u00a0\u00bb-60%\u00a0\u00bb max_width=\u00a0\u00bb60%\u00a0\u00bb max_width_tablet=\u00a0\u00bb75%\u00a0\u00bb max_width_phone=\u00a0\u00bb100%\u00a0\u00bb max_width_last_edited=\u00a0\u00bbon|phone\u00a0\u00bb module_alignment=\u00a0\u00bbleft\u00a0\u00bb custom_padding=\u00a0\u00bb8px|80px|0px|30px|false|false\u00a0\u00bb header_font_size_tablet=\u00a0\u00bb\u00a0\u00bb header_font_size_phone=\u00a0\u00bb30px\u00a0\u00bb header_font_size_last_edited=\u00a0\u00bbon|tablet\u00a0\u00bb box_shadow_style=\u00a0\u00bbpreset3&Prime; global_colors_info=\u00a0\u00bb{}\u00a0\u00bb]<\/p>\n<h1 style=\"text-align: left;\">Ev\u00e8nements en Ligne<\/h1>\n<h4 class=\"ng-binding\">ACCEDEZ AU PUR INSTANT PRESENT et vivez des R\u00e9g\u00e9n\u00e9rescences cellulaires<\/h4>\n<p>[\/et_pb_text][\/et_pb_column][\/et_pb_row][et_pb_row column_structure=\u00a0\u00bb1_2,1_2&Prime; _builder_version=\u00a0\u00bb4.27.4&Prime; _module_preset=\u00a0\u00bbdefault\u00a0\u00bb global_colors_info=\u00a0\u00bb{}\u00a0\u00bb][et_pb_column type=\u00a0\u00bb1_2&Prime; _builder_version=\u00a0\u00bb4.27.4&Prime; _module_preset=\u00a0\u00bbdefault\u00a0\u00bb global_colors_info=\u00a0\u00bb{}\u00a0\u00bb][et_pb_image src=\u00a0\u00bbhttps:\/\/nicolaspasqual.fr\/wp-content\/uploads\/2025\/04\/Capture-decran-2025-04-03-a-13.48.40.png\u00a0\u00bb title_text=\u00a0\u00bbCapture d\u2019e\u0301cran 2025-04-03 a\u0300 13.48.40&Prime; url=\u00a0\u00bbhttps:\/\/go.formations-spiritualite-energetique.com\/2025-sommet-de-leveil-?sa=sa0060525732093a0227dc2f00f2c456fdef783b89&Prime; _builder_version=\u00a0\u00bb4.27.4&Prime; _module_preset=\u00a0\u00bbdefault\u00a0\u00bb border_radii=\u00a0\u00bbon|5px|5px|5px|5px\u00a0\u00bb global_colors_info=\u00a0\u00bb{}\u00a0\u00bb][\/et_pb_image][\/et_pb_column][et_pb_column type=\u00a0\u00bb1_2&Prime; _builder_version=\u00a0\u00bb4.27.4&Prime; _module_preset=\u00a0\u00bbdefault\u00a0\u00bb global_colors_info=\u00a0\u00bb{}\u00a0\u00bb][et_pb_text _builder_version=\u00a0\u00bb4.27.4&Prime; _module_preset=\u00a0\u00bbdefault\u00a0\u00bb global_colors_info=\u00a0\u00bb{}\u00a0\u00bb]<\/p>\n<p><span style=\"color: #ffffff;\"><\/span><\/p>\n<p><span style=\"color: #ffffff;\">Vous \u00eates bienvenu au <strong>sommet de l&rsquo;Eveil 2025<\/strong>\u00a0en ligne du <strong>10 au 21 mai<\/strong>.<\/span><\/p>\n<p><span style=\"color: #ffffff;\">Je donnerai <strong>2 conf\u00e9rences + m\u00e9ditations<\/strong> \u00e0 9h et 20h. <\/span><\/p>\n<p><span style=\"color: #ffffff;\">Vous apprendrez des <strong>cl\u00e9s essentielles pour vous aligner et r\u00e9g\u00e9n\u00e9rer en profondeur<\/strong>, dans le <strong>bien-\u00eatre<\/strong>, avoir une <strong>saine confiance<\/strong>, <strong>trouver votre place<\/strong> et <strong>vivre une vie harmonieuse<\/strong>.<\/span><\/p>\n<p><span style=\"color: #00ffff;\"><span style=\"color: #ffffff;\"><\/span><\/span><\/p>\n<p><span style=\"color: #00ffff;\"><span style=\"color: #ffffff;\">Lien d&rsquo;<strong><span style=\"color: #afe7f4;\"><a href=\"https:\/\/go.formations-spiritualite-energetique.com\/2025-sommet-de-leveil-?sa=sa0060525732093a0227dc2f00f2c456fdef783b89\" style=\"color: #afe7f4;\">inscription Gratuite au Sommet de l&rsquo;Eveil 2025<\/a><\/span><\/strong><\/span><\/span><\/p>\n<p><span style=\"color: #00ffff;\"><\/span><\/p>\n<p><span style=\"color: #00ffff;\"><\/span><\/p>\n<p><span style=\"color: #ffffff;\">Lien d&rsquo;<strong><span style=\"color: #afe7f4;\"><a href=\"https:\/\/go.formations-spiritualite-energetique.com\/mentorings-sommet-eveil-2025?sa=sa0060525732093a0227dc2f00f2c456fdef783b89\" style=\"color: #afe7f4;\">inscription au Mentoring intensif le soir \u00e0 20h.<\/a><\/span><\/strong><\/span><\/p>\n<p><span style=\"color: #00ffff;\"><\/span><\/p>\n<p>[\/et_pb_text][et_pb_image src=\u00a0\u00bbhttps:\/\/nicolaspasqual.fr\/wp-content\/uploads\/2025\/05\/Seance-Groupe-en-Ligne.png\u00a0\u00bb _builder_version=\u00a0\u00bb4.27.4&Prime; _module_preset=\u00a0\u00bbdefault\u00a0\u00bb title_text=\u00a0\u00bbSe\u0301ance Groupe en Ligne\u00a0\u00bb border_radii=\u00a0\u00bbon|5px|5px|5px|5px\u00a0\u00bb hover_enabled=\u00a0\u00bb0&Prime; sticky_enabled=\u00a0\u00bb0&Prime;][\/et_pb_image][\/et_pb_column][\/et_pb_row][et_pb_row column_structure=\u00a0\u00bb1_2,1_2&Prime; _builder_version=\u00a0\u00bb4.17.4&Prime; _module_preset=\u00a0\u00bbdefault\u00a0\u00bb global_colors_info=\u00a0\u00bb{}\u00a0\u00bb][et_pb_column type=\u00a0\u00bb1_2&Prime; _builder_version=\u00a0\u00bb4.17.4&Prime; _module_preset=\u00a0\u00bbdefault\u00a0\u00bb global_colors_info=\u00a0\u00bb{}\u00a0\u00bb][et_pb_image src=\u00a0\u00bbhttps:\/\/nicolaspasqual.fr\/wp-content\/uploads\/2024\/07\/Eleves-CFSE-cours-Epigenetique-promotion-mars-2024.png\u00a0\u00bb title_text=\u00a0\u00bbEle\u0300ves CFSE cours Epige\u0301ne\u0301tique promotion mars 2024&Prime; _builder_version=\u00a0\u00bb4.17.4&Prime; _module_preset=\u00a0\u00bbdefault\u00a0\u00bb border_radii=\u00a0\u00bbon|5px|5px|5px|5px\u00a0\u00bb global_colors_info=\u00a0\u00bb{}\u00a0\u00bb][\/et_pb_image][\/et_pb_column][et_pb_column type=\u00a0\u00bb1_2&Prime; _builder_version=\u00a0\u00bb4.17.4&Prime; _module_preset=\u00a0\u00bbdefault\u00a0\u00bb global_colors_info=\u00a0\u00bb{}\u00a0\u00bb][et_pb_text _builder_version=\u00a0\u00bb4.17.4&Prime; _module_preset=\u00a0\u00bbdefault\u00a0\u00bb link_option_url=\u00a0\u00bbhttps:\/\/formations-spiritualite-energetique.com\/\u00a0\u00bb global_colors_info=\u00a0\u00bb{}\u00a0\u00bb]<\/p>\n<p><span style=\"color: #ffffff;\"><strong><\/strong><\/span><\/p>\n<p><span style=\"color: #ffffff;\"><strong>Cours et M\u00e9ditations<\/strong> en ligne sur <strong>l&rsquo;\u00e9pig\u00e9n\u00e9tique<\/strong> int\u00e9grative, l&rsquo;hom\u00e9ostasie et la R\u00e9g\u00e9n\u00e9ration cellulaire, avec des El\u00e8ves du <strong>Centre de Formation en Spiritualit\u00e9 et Energ\u00e9tique CFSE.<\/strong><\/span><\/p>\n<p><span style=\"color: #ffffff;\"><strong>D\u00e9tails et inscription :\u00a0\u00a0<\/strong><\/span><\/p>\n<p><span style=\"color: #ffffff;\"><strong><\/strong><\/span><\/p>\n<p>[\/et_pb_text][\/et_pb_column][\/et_pb_row][et_pb_row column_structure=\u00a0\u00bb1_2,1_2&Prime; _builder_version=\u00a0\u00bb4.17.4&Prime; _module_preset=\u00a0\u00bbdefault\u00a0\u00bb global_colors_info=\u00a0\u00bb{}\u00a0\u00bb][et_pb_column type=\u00a0\u00bb1_2&Prime; _builder_version=\u00a0\u00bb4.17.4&Prime; _module_preset=\u00a0\u00bbdefault\u00a0\u00bb global_colors_info=\u00a0\u00bb{}\u00a0\u00bb][et_pb_image src=\u00a0\u00bbhttps:\/\/nicolaspasqual.fr\/wp-content\/uploads\/2024\/10\/Cours-Epigenetique-en-Ligne-Mars-2024.png\u00a0\u00bb title_text=\u00a0\u00bbCours Epige\u0301ne\u0301tique en Ligne Mars 2024&Prime; _builder_version=\u00a0\u00bb4.17.4&Prime; _module_preset=\u00a0\u00bbdefault\u00a0\u00bb border_radii=\u00a0\u00bbon|5px|5px|5px|5px\u00a0\u00bb global_colors_info=\u00a0\u00bb{}\u00a0\u00bb][\/et_pb_image][et_pb_slider _builder_version=\u00a0\u00bb4.17.4&Prime; _module_preset=\u00a0\u00bbdefault\u00a0\u00bb header_font_size=\u00a0\u00bb35px\u00a0\u00bb header_letter_spacing=\u00a0\u00bb4px\u00a0\u00bb header_line_height=\u00a0\u00bb1.3em\u00a0\u00bb background_color=\u00a0\u00bb#0C71C3&Prime; use_background_color_gradient=\u00a0\u00bbon\u00a0\u00bb background_color_gradient_stops=\u00a0\u00bb#3b4c80 0%|#0096c3 99%\u00a0\u00bb custom_button=\u00a0\u00bbon\u00a0\u00bb button_text_size=\u00a0\u00bb1rem\u00a0\u00bb button_text_color=\u00a0\u00bb#0c71c3&Prime; button_bg_color=\u00a0\u00bb#FFFFFF\u00a0\u00bb button_icon=\u00a0\u00bb&#xf059;||fa||900&Prime; button_icon_color=\u00a0\u00bb#0c71c3&Prime; button_on_hover=\u00a0\u00bboff\u00a0\u00bb custom_margin=\u00a0\u00bb||||false|false\u00a0\u00bb custom_padding=\u00a0\u00bb10px||10px||true|false\u00a0\u00bb link_option_url=\u00a0\u00bbhttps:\/\/nicolaspasqual.fr\/wp-content\/uploads\/2023\/01\/Flyer-RESPIRE-RECTO.jpeg\u00a0\u00bb header_text_shadow_style=\u00a0\u00bbpreset1&Prime; border_radii=\u00a0\u00bbon|15px|15px|15px|15px\u00a0\u00bb locked=\u00a0\u00bboff\u00a0\u00bb global_colors_info=\u00a0\u00bb{}\u00a0\u00bb][et_pb_slide heading=\u00a0\u00bbConf\u00e9rences &#038; M\u00e9ditations REGENERESCENCE\u00a0\u00bb button_text=\u00a0\u00bbEn savoir plus\u00a0\u00bb button_link=\u00a0\u00bbhttps:\/\/nicolaspasqual.fr\/wp-content\/uploads\/2023\/01\/Flyer-RESPIRE-RECTO.jpeg\u00a0\u00bb url_new_window=\u00a0\u00bbon\u00a0\u00bb image=\u00a0\u00bbhttps:\/\/nicolaspasqual.fr\/wp-content\/uploads\/2023\/05\/Flyer-Conference-meditation-REGENERESCENCE-Nicolas-PASQUAL-2023.png\u00a0\u00bb video_url=\u00a0\u00bbhttps:\/\/youtu.be\/orjdRehIxHU\u00a0\u00bb _builder_version=\u00a0\u00bb4.17.4&Prime; _module_preset=\u00a0\u00bbdefault\u00a0\u00bb button_alignment=\u00a0\u00bbleft\u00a0\u00bb link_option_url=\u00a0\u00bbhttps:\/\/nicolaspasqual.fr\/wp-content\/uploads\/2023\/01\/Flyer-RESPIRE-RECTO.jpeg\u00a0\u00bb link_option_url_new_window=\u00a0\u00bbon\u00a0\u00bb border_radii_image=\u00a0\u00bbon|5px|5px|5px|5px\u00a0\u00bb locked=\u00a0\u00bboff\u00a0\u00bb global_colors_info=\u00a0\u00bb{}\u00a0\u00bb sticky_transition=\u00a0\u00bbon\u00a0\u00bb]<\/p>\n<p><span><\/span><\/p>\n<p>\u00ab\u00a0Autorisez vous \u00e0 \u00eatre r\u00e9ellement qui vous \u00eates\u00a0\u00bb<\/p>\n<p><span style=\"color: #ffffff;\"><a href=\"https:\/\/www.billetweb.fr\/alignement-regeneration\" target=\"_blank\" rel=\"noopener\" title=\"billetterie m\u00e9ditation en ligne \" style=\"color: #ffffff; text-decoration: underline;\"><span style=\"font-size: x-large;\"><strong>EN LIGNE<\/strong><\/span> : D\u00e9tails et INSCRIPTION.<\/a><\/span><\/p>\n<p>&nbsp;<\/p>\n<p>[\/et_pb_slide][\/et_pb_slider][\/et_pb_column][et_pb_column type=\u00a0\u00bb1_2&Prime; _builder_version=\u00a0\u00bb4.17.4&Prime; _module_preset=\u00a0\u00bbdefault\u00a0\u00bb global_colors_info=\u00a0\u00bb{}\u00a0\u00bb][et_pb_image src=\u00a0\u00bbhttps:\/\/nicolaspasqual.fr\/wp-content\/uploads\/2025\/02\/Participants-meditations-en-ligne.png\u00a0\u00bb title_text=\u00a0\u00bbParticipants me\u0301ditations en ligne\u00a0\u00bb _builder_version=\u00a0\u00bb4.17.4&Prime; _module_preset=\u00a0\u00bbdefault\u00a0\u00bb border_radii=\u00a0\u00bbon|5px|5px|5px|5px\u00a0\u00bb global_colors_info=\u00a0\u00bb{}\u00a0\u00bb][\/et_pb_image][et_pb_image src=\u00a0\u00bbhttps:\/\/nicolaspasqual.fr\/wp-content\/uploads\/2025\/05\/Atelier-en-Ligne.png\u00a0\u00bb _builder_version=\u00a0\u00bb4.27.4&Prime; _module_preset=\u00a0\u00bbdefault\u00a0\u00bb title_text=\u00a0\u00bbAtelier en Ligne\u00a0\u00bb border_radii=\u00a0\u00bbon|5px|5px|5px|5px\u00a0\u00bb hover_enabled=\u00a0\u00bb0&Prime; sticky_enabled=\u00a0\u00bb0&Prime;][\/et_pb_image][\/et_pb_column][\/et_pb_row][\/et_pb_section][et_pb_section fb_built=\u00a0\u00bb1&Prime; custom_padding_last_edited=\u00a0\u00bbon|tablet\u00a0\u00bb _builder_version=\u00a0\u00bb4.17.4&Prime; _module_preset=\u00a0\u00bbdefault\u00a0\u00bb background_color=\u00a0\u00bb#54B4CD\u00a0\u00bb background_enable_image=\u00a0\u00bboff\u00a0\u00bb width=\u00a0\u00bb100%\u00a0\u00bb max_width=\u00a0\u00bb100%\u00a0\u00bb custom_margin=\u00a0\u00bb-100px||-100px||true|false\u00a0\u00bb custom_padding=\u00a0\u00bb58px||58px||true|false\u00a0\u00bb custom_padding_tablet=\u00a0\u00bb100px|0px|100px|100px|true|false\u00a0\u00bb custom_padding_phone=\u00a0\u00bb|||0px|false|false\u00a0\u00bb top_divider_style=\u00a0\u00bbslant\u00a0\u00bb top_divider_color=\u00a0\u00bbgcid-f758d065-c53a-4789-853e-999078631717&Prime; top_divider_flip=\u00a0\u00bbhorizontal\u00a0\u00bb bottom_divider_flip=\u00a0\u00bbhorizontal\u00a0\u00bb global_colors_info=\u00a0\u00bb{%22gcid-f758d065-c53a-4789-853e-999078631717%22:%91%22top_divider_color%22%93}\u00a0\u00bb][\/et_pb_section]<\/p>\n","protected":false},"excerpt":{"rendered":"<p>Ev\u00e8nements en Ligne ACCEDEZ AU PUR INSTANT PRESENT et vivez des R\u00e9g\u00e9n\u00e9rescences cellulaires Vous \u00eates bienvenu au sommet de l&rsquo;Eveil 2025\u00a0en ligne du 10 au 21 mai. Je donnerai 2 conf\u00e9rences + m\u00e9ditations \u00e0 9h et 20h. Vous apprendrez des cl\u00e9s essentielles pour vous aligner et r\u00e9g\u00e9n\u00e9rer en profondeur, dans le bien-\u00eatre, avoir une saine [&hellip;]<\/p>\n","protected":false},"author":2,"featured_media":0,"parent":0,"menu_order":0,"comment_status":"closed","ping_status":"closed","template":"","meta":{"_et_pb_use_builder":"on","_et_pb_old_content":"","_et_gb_content_width":"","footnotes":""},"class_list":["post-2368","page","type-page","status-publish","hentry"],"yoast_head":"<!-- This site is optimized with the Yoast SEO plugin v27.6 - https:\/\/yoast.com\/product\/yoast-seo-wordpress\/ -->\n<title>Ev\u00e8nements M\u00e9ditations en Ligne - Nicolas Pasqual<\/title>\n<meta name=\"description\" content=\"Ev\u00e8nements Conf\u00e9rence M\u00e9ditation en Ligne\" \/>\n<meta name=\"robots\" content=\"index, follow, max-snippet:-1, max-image-preview:large, max-video-preview:-1\" \/>\n<link rel=\"canonical\" href=\"https:\/\/nicolaspasqual.fr\/index.php\/evenements-meditation-en-ligne\/\" \/>\n<meta property=\"og:locale\" content=\"fr_FR\" \/>\n<meta property=\"og:type\" content=\"article\" \/>\n<meta property=\"og:title\" content=\"Ev\u00e8nements M\u00e9ditations en Ligne - Nicolas Pasqual\" \/>\n<meta property=\"og:description\" content=\"Ev\u00e8nements Conf\u00e9rence M\u00e9ditation en Ligne\" \/>\n<meta property=\"og:url\" content=\"https:\/\/nicolaspasqual.fr\/index.php\/evenements-meditation-en-ligne\/\" \/>\n<meta property=\"og:site_name\" content=\"Nicolas Pasqual\" \/>\n<meta property=\"article:modified_time\" content=\"2025-05-20T20:36:16+00:00\" \/>\n<meta name=\"twitter:card\" content=\"summary_large_image\" \/>\n<meta name=\"twitter:label1\" content=\"Dur\u00e9e de lecture estim\u00e9e\" \/>\n\t<meta name=\"twitter:data1\" content=\"5 minutes\" \/>\n<script type=\"application\/ld+json\" class=\"yoast-schema-graph\">{\"@context\":\"https:\\\/\\\/schema.org\",\"@graph\":[{\"@type\":\"WebPage\",\"@id\":\"https:\\\/\\\/nicolaspasqual.fr\\\/index.php\\\/evenements-meditation-en-ligne\\\/\",\"url\":\"https:\\\/\\\/nicolaspasqual.fr\\\/index.php\\\/evenements-meditation-en-ligne\\\/\",\"name\":\"Ev\u00e8nements M\u00e9ditations en Ligne - Nicolas Pasqual\",\"isPartOf\":{\"@id\":\"https:\\\/\\\/nicolaspasqual.fr\\\/#website\"},\"datePublished\":\"2023-05-25T17:17:41+00:00\",\"dateModified\":\"2025-05-20T20:36:16+00:00\",\"description\":\"Ev\u00e8nements Conf\u00e9rence M\u00e9ditation en Ligne\",\"breadcrumb\":{\"@id\":\"https:\\\/\\\/nicolaspasqual.fr\\\/index.php\\\/evenements-meditation-en-ligne\\\/#breadcrumb\"},\"inLanguage\":\"fr-FR\",\"potentialAction\":[{\"@type\":\"ReadAction\",\"target\":[\"https:\\\/\\\/nicolaspasqual.fr\\\/index.php\\\/evenements-meditation-en-ligne\\\/\"]}]},{\"@type\":\"BreadcrumbList\",\"@id\":\"https:\\\/\\\/nicolaspasqual.fr\\\/index.php\\\/evenements-meditation-en-ligne\\\/#breadcrumb\",\"itemListElement\":[{\"@type\":\"ListItem\",\"position\":1,\"name\":\"Accueil\",\"item\":\"https:\\\/\\\/nicolaspasqual.fr\\\/\"},{\"@type\":\"ListItem\",\"position\":2,\"name\":\"Ev\u00e8nements M\u00e9ditations en Ligne\"}]},{\"@type\":\"WebSite\",\"@id\":\"https:\\\/\\\/nicolaspasqual.fr\\\/#website\",\"url\":\"https:\\\/\\\/nicolaspasqual.fr\\\/\",\"name\":\"Nicolas Pasqual\",\"description\":\"Vie int\u00e9grative\",\"publisher\":{\"@id\":\"https:\\\/\\\/nicolaspasqual.fr\\\/#organization\"},\"potentialAction\":[{\"@type\":\"SearchAction\",\"target\":{\"@type\":\"EntryPoint\",\"urlTemplate\":\"https:\\\/\\\/nicolaspasqual.fr\\\/?s={search_term_string}\"},\"query-input\":{\"@type\":\"PropertyValueSpecification\",\"valueRequired\":true,\"valueName\":\"search_term_string\"}}],\"inLanguage\":\"fr-FR\"},{\"@type\":\"Organization\",\"@id\":\"https:\\\/\\\/nicolaspasqual.fr\\\/#organization\",\"name\":\"Nicolas Pasqual\",\"url\":\"https:\\\/\\\/nicolaspasqual.fr\\\/\",\"logo\":{\"@type\":\"ImageObject\",\"inLanguage\":\"fr-FR\",\"@id\":\"https:\\\/\\\/nicolaspasqual.fr\\\/#\\\/schema\\\/logo\\\/image\\\/\",\"url\":\"https:\\\/\\\/nicolaspasqual.fr\\\/wp-content\\\/uploads\\\/2022\\\/07\\\/cropped-logo-seul-512px.jpg\",\"contentUrl\":\"https:\\\/\\\/nicolaspasqual.fr\\\/wp-content\\\/uploads\\\/2022\\\/07\\\/cropped-logo-seul-512px.jpg\",\"width\":512,\"height\":512,\"caption\":\"Nicolas Pasqual\"},\"image\":{\"@id\":\"https:\\\/\\\/nicolaspasqual.fr\\\/#\\\/schema\\\/logo\\\/image\\\/\"}}]}<\/script>\n<!-- \/ Yoast SEO plugin. -->","yoast_head_json":{"title":"Ev\u00e8nements M\u00e9ditations en Ligne - Nicolas Pasqual","description":"Ev\u00e8nements Conf\u00e9rence M\u00e9ditation en Ligne","robots":{"index":"index","follow":"follow","max-snippet":"max-snippet:-1","max-image-preview":"max-image-preview:large","max-video-preview":"max-video-preview:-1"},"canonical":"https:\/\/nicolaspasqual.fr\/index.php\/evenements-meditation-en-ligne\/","og_locale":"fr_FR","og_type":"article","og_title":"Ev\u00e8nements M\u00e9ditations en Ligne - Nicolas Pasqual","og_description":"Ev\u00e8nements Conf\u00e9rence M\u00e9ditation en Ligne","og_url":"https:\/\/nicolaspasqual.fr\/index.php\/evenements-meditation-en-ligne\/","og_site_name":"Nicolas Pasqual","article_modified_time":"2025-05-20T20:36:16+00:00","twitter_card":"summary_large_image","twitter_misc":{"Dur\u00e9e de lecture estim\u00e9e":"5 minutes"},"schema":{"@context":"https:\/\/schema.org","@graph":[{"@type":"WebPage","@id":"https:\/\/nicolaspasqual.fr\/index.php\/evenements-meditation-en-ligne\/","url":"https:\/\/nicolaspasqual.fr\/index.php\/evenements-meditation-en-ligne\/","name":"Ev\u00e8nements M\u00e9ditations en Ligne - Nicolas Pasqual","isPartOf":{"@id":"https:\/\/nicolaspasqual.fr\/#website"},"datePublished":"2023-05-25T17:17:41+00:00","dateModified":"2025-05-20T20:36:16+00:00","description":"Ev\u00e8nements Conf\u00e9rence M\u00e9ditation en Ligne","breadcrumb":{"@id":"https:\/\/nicolaspasqual.fr\/index.php\/evenements-meditation-en-ligne\/#breadcrumb"},"inLanguage":"fr-FR","potentialAction":[{"@type":"ReadAction","target":["https:\/\/nicolaspasqual.fr\/index.php\/evenements-meditation-en-ligne\/"]}]},{"@type":"BreadcrumbList","@id":"https:\/\/nicolaspasqual.fr\/index.php\/evenements-meditation-en-ligne\/#breadcrumb","itemListElement":[{"@type":"ListItem","position":1,"name":"Accueil","item":"https:\/\/nicolaspasqual.fr\/"},{"@type":"ListItem","position":2,"name":"Ev\u00e8nements M\u00e9ditations en Ligne"}]},{"@type":"WebSite","@id":"https:\/\/nicolaspasqual.fr\/#website","url":"https:\/\/nicolaspasqual.fr\/","name":"Nicolas Pasqual","description":"Vie int\u00e9grative","publisher":{"@id":"https:\/\/nicolaspasqual.fr\/#organization"},"potentialAction":[{"@type":"SearchAction","target":{"@type":"EntryPoint","urlTemplate":"https:\/\/nicolaspasqual.fr\/?s={search_term_string}"},"query-input":{"@type":"PropertyValueSpecification","valueRequired":true,"valueName":"search_term_string"}}],"inLanguage":"fr-FR"},{"@type":"Organization","@id":"https:\/\/nicolaspasqual.fr\/#organization","name":"Nicolas Pasqual","url":"https:\/\/nicolaspasqual.fr\/","logo":{"@type":"ImageObject","inLanguage":"fr-FR","@id":"https:\/\/nicolaspasqual.fr\/#\/schema\/logo\/image\/","url":"https:\/\/nicolaspasqual.fr\/wp-content\/uploads\/2022\/07\/cropped-logo-seul-512px.jpg","contentUrl":"https:\/\/nicolaspasqual.fr\/wp-content\/uploads\/2022\/07\/cropped-logo-seul-512px.jpg","width":512,"height":512,"caption":"Nicolas Pasqual"},"image":{"@id":"https:\/\/nicolaspasqual.fr\/#\/schema\/logo\/image\/"}}]}},"jetpack_sharing_enabled":true,"_links":{"self":[{"href":"https:\/\/nicolaspasqual.fr\/index.php\/wp-json\/wp\/v2\/pages\/2368","targetHints":{"allow":["GET"]}}],"collection":[{"href":"https:\/\/nicolaspasqual.fr\/index.php\/wp-json\/wp\/v2\/pages"}],"about":[{"href":"https:\/\/nicolaspasqual.fr\/index.php\/wp-json\/wp\/v2\/types\/page"}],"author":[{"embeddable":true,"href":"https:\/\/nicolaspasqual.fr\/index.php\/wp-json\/wp\/v2\/users\/2"}],"replies":[{"embeddable":true,"href":"https:\/\/nicolaspasqual.fr\/index.php\/wp-json\/wp\/v2\/comments?post=2368"}],"version-history":[{"count":17,"href":"https:\/\/nicolaspasqual.fr\/index.php\/wp-json\/wp\/v2\/pages\/2368\/revisions"}],"predecessor-version":[{"id":3220,"href":"https:\/\/nicolaspasqual.fr\/index.php\/wp-json\/wp\/v2\/pages\/2368\/revisions\/3220"}],"wp:attachment":[{"href":"https:\/\/nicolaspasqual.fr\/index.php\/wp-json\/wp\/v2\/media?parent=2368"}],"curies":[{"name":"wp","href":"https:\/\/api.w.org\/{rel}","templated":true}]}}